
Let g(x) = -144*x - 105. Let m be g(-16). Suppose 0 = 4*w - 5*i - 4409, w = -w - 3*i + m. What is the hundreds digit of w?
1
Let p(j) = 175*j + 40. Let v be p(8). Suppose 4*y = -v + 4332. What is the hundreds digit of y?
7
What is the tens digit of 2/(-4) + 1 + (-69430)/(-20)?
7
Let u be (-12)/((-2)/4*-2)*-3. Suppose u = 33*d - 27*d. What is the units digit of 8/d*-3 + 47?
3
Let a(s) = 4*s**2 - 2*s + 3. Let v be a(1). What is the tens digit of -5*1 - (30/v - 736)?
2
Let y(h) = -5*h - 21. Let u be y(-5). Suppose -3*s - 5*z - 5 = 0, 4*z = -8*s + 4*s - u. Suppose -11*d + 6*d + 430 = s. What is the tens digit of d?
8
Let s be (0 + -5 + 0 + 7)*1332. Suppose -20*h + s = 4*h. What is the tens digit of h?
1
Suppose 12 = 4*c + 3*x + 4, 2*x + 10 = 5*c. Let p(f) = -16 + c*f + 13*f**2 + 18 + 0*f + f. What is the units digit of p(3)?
8
Let m be 6/(-72)*3 + 2394/8. Let q = m - 180. Suppose -a = 2*f - q - 8, -3*f + 257 = 2*a. What is the units digit of a?
3
Suppose 0 = 2*p - 2162*l + 2158*l - 33266, -5*p + l = -83228. What is the tens digit of p?
4
Let y = 57740 + -22968. What is the ten thousands digit of y?
3
Let q(y) = -59*y + 10. What is the tens digit of q(-1)?
6
Let k(s) = -s**3 + 17*s**2 + 4*s - 29. Let t be k(17). Let b = t + -44. Let v(n) = n**2 - n - 9. What is the tens digit of v(b)?
2
Let d(n) = 2*n**2 - 2*n + 15. Suppose -7*v + 5*v = 0. Let g be d(v). Let y(c) = -c**2 + 17*c - 12. What is the units digit of y(g)?
8
Let t be (15/30)/((-1)/(-2))*-7. What is the hundreds digit of 2/(t/(-2197 + -1))?
6
Suppose -3*p = -5*o - 2*p + 8, -o = 3*p - 8. What is the units digit of ((-9456)/30)/(o/(-5))?
8
Let j = -270 + 1807. Suppose -p = -s - 1557, 9*p + j = 10*p + 3*s. What is the tens digit of p?
5
Let o(d) = -22*d**2 + 18 + 72*d - 18 - 14*d**2. Let y(n) = -n. Let f(t) = -5*o(t) - 360*y(t). What is the tens digit of f(1)?
8
Suppose 2*g + 3*j = 6*j + 20, -2*j - 28 = -5*g. Suppose -5*h = 5*b - 2030, g*b - 221 = 3*h - 1453. What is the tens digit of h?
0
Let f(w) = 7*w**2 + 41*w - 5. Let b be f(-6). What is the units digit of b + (-4827)/(-5) + (-60)/(-100)?
7
Suppose -92*t + 91*t = 3*n - 4437, 2*n = -3*t + 13353. What is the hundreds digit of t?
4
Let n = -7189 - -10824. Suppose -8*x + n = -2429. What is the tens digit of x?
5
Let z = 872 + 160. What is the hundreds digit of z?
0
Let y be 21*(0 - 56/(-12)). Let u = y - 17. What is the tens digit of u?
8
Let c(g) be the third derivative of -g**4/12 + 5*g**3 - 68*g**2. What is the units digit of c(12)?
6
Let z = -22186 + 33295. What is the hundreds digit of z?
1
What is the ten thousands digit of (-14 - (-17208 + -4)) + 5?
1
Suppose 5*v - 6424 = -a, -5*v = -82*a + 81*a + 6424. What is the hundreds digit of a?
4
Suppose -40*h + 858915 + 180322 = -227243. What is the tens digit of h?
6
Let o = 131 + -126. Suppose -5*w + 13*p + 40 = 12*p, -4 = 3*w + o*p. Suppose -3*h = -w*h + 780. What is the tens digit of h?
9
Let k(p) = -p**3 + 63*p**2 - 19*p + 730. What is the tens digit of k(62)?
9
Let f = -47 - -47. Let k be (5/15)/1*f. Suppose -6*m + 43 + 41 = k. What is the tens digit of m?
1
Let z(t) be the second derivative of -t**5/20 - 5*t**4/12 + t**3/2 - 10*t**2 + 22*t. Let k be z(-8). Let s = k - 87. What is the units digit of s?
1
Let y be (-3*(-1)/(-6))/((-1)/(-2)). Let u be y + -3*4/(-24)*-4. What is the units digit of 2/(-6) + (-10)/u?
3
Suppose 2*u - 16 = 6*u, 1606 = q + 2*u. What is the units digit of q?
4
Let g(y) = 5688*y**3 - 6*y**2 + 37*y - 82. What is the thousands digit of g(2)?
5
Suppose -103427 - 47805 = -8*x. What is the ten thousands digit of x?
1
Suppose -5*f = -491 + 1366. Let g = f + 855. What is the units digit of g?
0
Let t(g) be the second derivative of -g**5/10 + g**4/12 - g**3/2 + 11*g**2/2 + 53*g. What is the tens digit of t(-5)?
0
Suppose h - 219 + 171 = 0. Let p = h + 22. What is the units digit of (3 - p/25) + (-958)/(-10)?
6
Let v(m) = 16*m**2 + 276*m - 977. What is the units digit of v(-47)?
5
Let n(c) = c**3 + 2*c**2 + 33*c - 10. Let p be n(10). Suppose 24*m - p = 19*m. What is the units digit of m?
4
Let v be (-6)/(-27) - (-55)/(-45). Let p be (4/10)/v - (-135)/25. Let n = 20 - p. What is the units digit of n?
5
What is the thousands digit of (16/(-6))/((-47)/357999) - 9?
0
Let s(x) = -x**2 - 6*x - 5. Let d be s(-1). Let p be (-6)/33 - (-7140)/66. Suppose q - 2*w - p = -d*q, 3*q - 332 = 4*w. What is the hundreds digit of q?
1
What is the units digit of ((399/56)/(2/72))/(43/6106)?
3
Let z(x) = -2*x**3 + 1. Let a(s) = -3*s**3 + 2*s**2 - 5*s + 10. Let r(w) = -a(w) + z(w). What is the tens digit of r(4)?
4
Let x be (3 - (-2)/6)*1944/10. Suppose -x = 3*j - 3*t, 708 + 166 = -4*j + 2*t. Let d = j - -396. What is the hundreds digit of d?
1
Suppose -8*h + 32832 = -6*h + 30*h. What is the thousands digit of h?
1
What is the hundreds digit of ((-6)/(-4 - -10))/(19/(-542887))?
5
Let s(k) = k**2 - 2*k + 104. Let b be 2*-1 - (-10 + 8). Let m be s(b). Suppose -15*t = -7*t - m. What is the units digit of t?
3
Suppose 3*y - 4*m - 272 = 0, -2*y = -6*y + 5*m + 363. Let z = y + 442. What is the units digit of z?
4
Let n(q) = 3*q**2 + 13*q + 201. What is the thousands digit of n(50)?
8
Let r(k) = 18*k**2 + 7*k - 270. What is the units digit of r(13)?
3
Let w = 122 + 46. Suppose -w*i = -166*i - 1656. What is the units digit of i?
8
Let t = 202 + -198. Suppose -3*h - 2*h = t*u - 1838, 0 = 2*u + h - 916. What is the hundreds digit of u?
4
Suppose -135*c + 1526604 + 783331 - 552235 = 0. What is the thousands digit of c?
3
What is the units digit of (264/(-32) - -15)/((-3)/(-11604))?
9
Let z be (36/10)/(60/(-200)). What is the units digit of 3507/12 + 5 + 3/z?
7
Let l(j) = -28*j + 45. Let k(n) = -42*n + 72. Let r(x) = 1. Let z(b) = -k(b) + 4*r(b). Let t(u) = 8*l(u) + 5*z(u). What is the tens digit of t(-9)?
4
Suppose 0 = 354*z - 339*z - 110790. What is the units digit of z?
6
Let l = -76 + 64. Let n = 24 + l. Suppose 1290 + 30 = n*k. What is the units digit of k?
0
Suppose -3140 = -31411*i + 31409*i. What is the hundreds digit of i?
5
Let z(f) = -32*f + 14. Let v be z(11). What is the tens digit of ((-1 + 18)*1)/((-26)/v)?
2
Let u(k) = -2*k**3 + 82*k**2 - 57*k + 364. What is the thousands digit of u(30)?
8
Suppose -154 = -31*c + 42*c. Let n(k) = 5*k**2 + 266. What is the thousands digit of n(c)?
1
What is the units digit of -185*((-2 - -3) + (-20628)/180)?
6
What is the thousands digit of ((-115072)/(-24) + 2)*21/35?
2
Let i be (-3)/9*(-2 - 55). Let p = 22 - i. Suppose 4*m - p*y = 100, 2*m = 4*m + 2*y - 50. What is the tens digit of m?
2
Let b = 129 + -184. Let u = b - -190. What is the units digit of u?
5
Let l(h) = 20*h**2 - 24*h - 7. Let u be l(9). Suppose -4*y = -4*c + 2844, 3*c - c - u = -3*y. What is the units digit of c?
6
Suppose 3*s - 760 = 3*n + 143, 3*n = -s - 915. Let d be (-2)/10 + ((-10880)/(-25) - -1). Let l = d + n. What is the units digit of l?
2
Let d(l) = 14*l + 87. Let b be d(-6). Suppose 0 = b*h - o - 2291, -h + 5*o = 2*h - 2311. What is the hundreds digit of h?
7
Let s = 132091 + -64118. What is the tens digit of s?
7
What is the tens digit of (15*(-3 - -16))/((-339)/(-28363))?
1
Let s = -31604 - -50196. What is the tens digit of s?
9
Suppose -4*k - 3280 = -3*z - 150, 3*k = 4*z - 4185. What is the thousands digit of z?
1
Let m(b) = 510*b**2 - 1. Let i be m(1). Suppose -79*y - i = -80*y. What is the hundreds digit of y?
5
Let r(v) = -72954*v - 770. What is the tens digit of r(-1)?
8
Suppose f + 1070 = -4*h, 1344 = -5*h - 9*f + 11*f. Let a = h - -1458. What is the tens digit of a?
9
Let x = 49 - -2. Suppose 9514 = 93*g - 26*g. Let o = x + g. What is the tens digit of o?
9
Let y be 6/(-9) - (-433)/(-3). Suppose -7*n + 4*n = 651. Let x = y - n. What is the tens digit of x?
7
Let d(b) be the first derivative of b**4/4 + 10*b**3/3 - 5*b**2/2 + b + 84. Let p(c) = -10*c**2 - 2*c + 2. Let w be p(1). What is the units digit of d(w)?
1
Suppose -5*k - 5*c = -0*k - 45, -4*k = 5*c - 41. Suppose k*i = 3*i + 100. Suppose 2*v - 172 = -q, v + 0*q + 4*q = i. What is the units digit of v?
4
Let s(z) = -2*z**2 + 6*z + 28. Let x be s(-3). What is the thousands digit of 2/x + (-4241)/(-4) + -3?
1
Let h(l) = 166*l**3 - 8*l**2 + 31*l - 9. What is the tens digit of h(3)?
9
Let b(m) = 31658*m**2 - 132*m + 